e v(1). Let s(c) = -c**3 - 15*c**2 - 9*c - 64. Let f be s(-14). Let w = f - q. What is the tens digit of w?
7
Let z = 195 - -37. Let g(d) = -d**2 + 10*d - 6. Let u be g(17). Let s = u + z. What is the tens digit of s?
0
Suppose 0 = i + i - 166. Let h be -2*(2 - 154/(-4)). Let u = i + h. What is the units digit of u?
2
Suppose f + 4*i = 0, 0 = 9*i - 14*i. Suppose a + 4 = f, -a = h - 5*a - 49. What is the units digit of h?
3
Let z(w) = -3520*w + 445. What is the tens digit of z(-4)?
2
Suppose 106*a = 109*a + 4488. Let m = -530 - a. What is the hundreds digit of m?
9
Let k(b) = 2*b**3 - 24*b**2 + 17*b - 33. Let a be 3 + 1*(14 - 4). What is the hundreds digit of k(a)?
5
Suppose -7*x + 12 = -3*x. Suppose x*h + 2*v - 235 = -0*h, -3*v + 69 = h. Suppose 0 = c - h - 17. What is the units digit of c?
8
Let v(b) = -10*b + 2*b**3 + 3*b**2 - b**3 - 7 + 2*b**2. Suppose 49 - 1 = -8*n. What is the units digit of v(n)?
7
Suppose -5*g - 11 - 19 = 0. Let b(d) = 2*d**2 + 11*d + 10. Let a be b(g). What is the units digit of (14 - a)*(-97)/2?
7
Let p(f) = -3*f + 0*f + 0*f - 33 + 122. What is the tens digit of p(-16)?
3
Suppose l = 6*l - 2*s + 310, -5*s + 248 = -4*l. Let c = 122 + -162. Let a = c - l. What is the tens digit of a?
2
Let s be ((-182)/5 - -10)/((-2)/10). Suppose x - 36 - s = 0. What is the tens digit of x?
6
Let w = 156 + -54. Suppose 0 = -5*s + 238 + w. What is the units digit of s?
8
Let k(q) = 1980*q - 761. What is the hundreds digit of k(8)?
0
Let j be (-14)/(-8) + (-15)/(-60). Suppose -c = j, -x + 2*c + 3*c + 79 = 0. Let r = 5 + x. What is the units digit of r?
4
Suppose 0 = 4*u - 3*j + 22, 1 = 2*j - 3. Let v be 620/2 + (u - (1 - 1)). Let z = -207 + v. What is the tens digit of z?
9
Let f(w) = w**3 + 19*w**2 - 111*w + 362. What is the hundreds digit of f(26)?
8
Let r = 139 - 101. Suppose -r*i - 44 = -40*i. What is the units digit of i?
2
Suppose n - 4223 + 17811 = g, 2*g - 5*n = 27188. What is the hundreds digit of g?
5
Suppose -391 = 19*i - 5844. Let h(j) = j**2 - 8*j + 8. Let n be h(8). Suppose -i = -n*w + 257. What is the tens digit of w?
6
Let d(f) = -2*f - 9. Let w be d(15). What is the units digit of (-4)/6 - -1 - 7085/w?
2
Let z(g) = -2*g**3 + 22*g**2 + g - 6. Let d be z(11). Suppose 416 + 399 = d*j. What is the hundreds digit of j?
1
Suppose -13*w = 85*w - 85023 - 110585. What is the thousands digit of w?
1
Let g(q) = -9451*q + 2725. What is the tens digit of g(-5)?
8
Let d(f) = -f**3 + 12*f**2 - 11*f + 5. Let w be d(11). Suppose -w*l - s + 8 + 8 = 0, -s + 7 = 2*l. Suppose 9 = 3*b - l. What is the units digit of b?
4
Suppose -4*r = n - 51276, -20*n + 23*n - 153828 = 5*r. What is the tens digit of n?
7
Let c(y) = -12*y**3 + 6*y**2 - 10*y + 10. Let o be c(5). Let t = o + 2108. What is the units digit of t?
8
Suppose 5*y = 5*b - 75715, 15*y - 60582 = -4*b + 21*y. What is the hundreds digit of b?
1
Let l be 13832/7*(-2 + 3). Suppose 16*x = 12*x + l. What is the units digit of x?
4
Let h(d) be the second derivative of 3*d**5/20 - d**4/6 + d**3/6 + d**2 + 5*d. Let i be h(2). What is the tens digit of (160/(-25))/((-2)/i)?
6
Let w(i) = -2*i**2 - 10*i + 4. Let d be w(-6). Let r(g) = 2*g + 29. Let y be r(d). Let a(q) = 2*q**2 - 17*q + 9. What is the hundreds digit of a(y)?
1
Suppose 3*b + 2*w = w + 11, -5*b = 2*w - 18. What is the units digit of 19*(b - (-11)/(-3))*3?
9
Let b(u) = 9*u - 580. Let v be b(0). Let y = v - -963. What is the tens digit of y?
8
Suppose d = m + 11451 - 1310, -5*d - 4*m = -50651. What is the thousands digit of d?
0
Suppose -9716 + 7993 + 60593 = 29*v. What is the units digit of v?
0
Let x = 97 - -5. What is the tens digit of x/4 - 13/26?
2
Let b(z) be the second derivative of z**4/4 + 19*z**3/6 - 9*z**2/2 - 23*z. Let o be b(8). Suppose -x = 4*x - o. What is the tens digit of x?
6
Let w be (-266)/28*68/(-1). Let s = w + -287. What is the tens digit of s?
5
Let y(x) be the third derivative of x**7/252 + x**6/360 + x**5/30 + 3*x**2. Let j(a) be the third derivative of y(a). What is the tens digit of j(6)?
2
Let i(n) = n**2 + 2*n + 2. Let d be i(-3). Suppose -3*v = -3, -107 = -3*p - v + 53. Suppose -p = 5*m - 3*u - 127, d*m = -3*u + 56. What is the tens digit of m?
1
What is the thousands digit of (46/46)/((-4)/(-98804) - 0)?
4
What is the thousands digit of ((-32890)/(-575))/((-4)/(-3160))?
5
Let r(x) = -7*x**3 + 7*x**2 + 4*x + 3. Let a be (-10)/70 + 40/(-14). What is the units digit of r(a)?
3
Suppose 0 = -7*i + 289 + 425. Let a = i + -99. What is the tens digit of (274/a)/(30/45)?
3
Let y(r) = -12*r - 19. Let h = -77 + 38. Let s be 9/(-81)*-3*1*h. What is the tens digit of y(s)?
3
Suppose 40*h - 6*h = 525470. Suppose -3655 - h = -15*x. What is the tens digit of x?
7
Let r(z) = -z**3 + 67*z**2 + 70*z - 155. Let l be r(68). Let t(b) = b - 1. Let f be t(-1). What is the units digit of (9 + 1)/((4/l)/f)?
5
Let a(l) = 962*l + 1485. What is the tens digit of a(9)?
4
Suppose -2*b - 3 - 15 = -5*l, -2*b + 3*l = 14. What is the units digit of -332*(b + (-44)/(-16))?
5
Suppose 0 = -4*k + 5*a + 21048, -10*k + 7*k + 15809 = 2*a. What is the hundreds digit of k?
2
What is the tens digit of 61398/4*(172/12 - 13)?
6
Let u(g) = g**3 + 2*g**2 + 3*g + 46. Let i be u(-4). Suppose -5*k - 1289 = -h, 5*h + i*k - 9408 = -2963. What is the tens digit of h?
8
Let u(z) be the third derivative of -z**6/120 + z**5/12 + z**4/4 - 3*z**3/2 + 22*z**2. Let o be u(6). Let c = o - -35. What is the units digit of c?
6
Let f(b) = b**3 + 11*b**2 - 10*b + 24. Let j be f(-12). Suppose j = 5*u + 45 - 10. Let d(k) = -2*k**3 - 8*k**2 + 7*k - 6. What is the tens digit of d(u)?
3
Suppose -5*h - 101680 = -5*r, 18457 + 1875 = r - 3*h. What is the thousands digit of r?
0
Let o be (-3)/(-2) - 2/4*-7. Suppose 0 = -10*k + o*k + 860. Let u = k + -79. What is the tens digit of u?
9
Let v(i) = i**3 + 2*i**2 - 6*i + 11. Let f be v(-4). Suppose -f*d = -3*r - 1209, -5*d - r = -2*r - 2035. What is the hundreds digit of d?
4
Suppose 0 = -3*x - g + 912, -2*g - g - 1216 = -4*x. What is the units digit of 1/((-11)/(-44) + (-74)/x)?
2
Let s(j) = -j**3 - 7*j**2 - 3*j - 14. Let k be s(-6). Let i be (1/(-2))/(1/k). Suppose 246 = -i*a + 19*a. What is the units digit of a?
2
Let k(f) = -f**3 - f**2 - f + 24. Let z be k(0). Suppose -2*d + z*d = 7898. Suppose d = 3*s - 421. What is the units digit of s?
0
Let r(d) = -1954*d + 486. What is the units digit of r(-3)?
8
Let z(f) = 47*f - 848. What is the thousands digit of z(93)?
3
Let s(j) = j**3 + 2*j**2 - 2*j + 23. Let q be s(-8). Let i = 603 + q. What is the units digit of i?
8
Suppose -6*m + 10 = -m - 2*q, -q + 6 = 3*m. What is the hundreds digit of (5 - m) + 2 + (5 - -708)?
7
Let f(j) = -j**2 - 4*j + 392. Suppose 0 = -12*l + 14*l + 4*i + 4, 4*l + 5 = -5*i. What is the hundreds digit of f(l)?
3
What is the tens digit of (-3)/8 - (-4)/((-544)/(-3798123))?
2
Suppose 3*n + 3*b - 2*b = 13, 5*n = -b + 21. Suppose 2*v - n = 104. Suppose -c - 4*k = -4*c + 24, 2*k = -4*c + v. What is the units digit of c?
2
What is the units digit of (-72836)/(-68) - (-38)/(-323)?
1
Let z be (1316/(-21))/(-1)*(-6)/(-1). Suppose r + 2*o - 102 = z, 2*r = 5*o + 1001. What is the hundreds digit of r?
4
Suppose -3*u + 4997 = -2*g, -1669 = -23*u + 22*u + 4*g. Suppose -s + 11*d - 8*d + u = 0, 3309 = 2*s + d. What is the tens digit of s?
5
Suppose r + 5*t - 16 = t, 3*t = 2*r + 1. Suppose -w = 3*o - o - 292, 2*o - 282 = r*w. Suppose -o = -10*p - 35. What is the tens digit of p?
1
Suppose 539 = 3*m - 2434. Suppose -3*n + 2*n = -q + m, 4*q + 3*n - 3971 = 0. What is the units digit of q?
2
Suppose 9*i - 5*i - 30940 = -4*l, -3*i = 5*l - 23197. What is the hundreds digit of i?
7
Let i(b) = -b**2 - 6*b + 1. Let v be i(-3). Suppose -6*k + k = -a + 12, a = 4*k + v. What is the units digit of (-3 + 188/(-8))*k?
3
Suppose 68*u - 66*u + 5*j - 8817 = 0, -5*u + 2*j + 22057 = 0. What is the tens digit of u?
1
Suppose -30*n + 105053 + 50407 = 0. What is the units digit of n?
2
Let a(j) = -2*j**3 - 19*j**2 + 9*j - 10. Let x be a(-10). Suppose 64*r - 69*r + 1265 = x. Suppose -14*h - r + 3949 = 0. What is the hundreds digit of h?
2
Let o = 177 + -171. Suppose 4*b = -3*w + 1032, 3*w = b - o*b + 1035. What is the units digit of w?
0
Let l(v) = 2*v + 2*v**2 - 4*v + 2 - 20 + 12 + 10*v**3. Let 